ppose m*x + 17 = 59. Let d = x - 12. What are the prime factors of d?
2
Let b = 17 + -13. Suppose 100 = b*h - 0*h. List the prime factors of (256/20)/(10/h).
2
Let w = -34 - -253. Suppose w = 6*l - 435. List the prime factors of l.
109
Suppose -12*t + 14*t - 4*l - 430 = 0, 229 = t + 5*l. List the prime factors of t.
3, 73
Let m be -1 + (-1 - 0) + -2. Let s = 13 + m. Suppose 0 = -z - s + 22. What are the prime factors of z?
13
Suppose 5*t = 1650 + 670. What are the prime factors of t?
2, 29
Suppose 2*o = -5*m - 481, -3*m - 297 = -0*m + 4*o. Let k = m - -102. What are the prime factors of k?
7
Let s(h) = h**3 - 16*h**2 + 28*h + 17. Let p be s(14). Suppose 4*i = p*i - 2184. List the prime factors of i.
2, 3, 7
Let i = -1 - -1. Suppose -2*d + i*d = -8. List the prime factors of (-10)/d*(-4 - 0).
2, 5
Let t be (4/2)/(10/1535). Suppose 6*f - 2*c = f + t, 4*f = -2*c + 242. What are the prime factors of f?
61
Suppose 61*v = 32*v + 17342. What are the prime factors of v?
2, 13, 23
Let z(j) = -460*j + 255. Let t(o) = -27*o + 15. Let n(y) = -35*t(y) + 2*z(y). Let s be n(5). Suppose s = -0*p + 5*p. List the prime factors of p.
2, 11
Let n = 12 - -26. Suppose -n - 7 = -s. What are the prime factors of s?
3, 5
Let i = 859 + -499. List the prime factors of i.
2, 3, 5
Suppose 4 = 3*o - 2*k, 3*o - 4*k = -8*k - 8. Suppose o*v = -z + 3*v + 105, v = -3*z + 315. What are the prime factors of z?
3, 5, 7
Let v = 493 - 104. List the prime factors of v.
389
Suppose 2*y - 570 = 794. What are the prime factors of y?
2, 11, 31
Suppose 10*c - 3*c = 35. Suppose 0*f = -c*f + 320. What are the prime factors of f?
2
Let u(v) = -3*v**3 - 8*v**2 - 11*v + 4. Let f = -54 - -49. List the prime factors of u(f).
2, 3, 13
Suppose -80 = -2*g + 3*i, 4*g + 5*i - 128 = 3*i. Let t = -18 + g. Let b = -9 + t. List the prime factors of b.
7
List the prime factors of -3 + 2416 + (-3 - 3) + 2.
3, 11, 73
Let f(p) = -p**3 + 5*p**2 - 4*p + 2. Suppose 2*k - 2 = -0*k + 2*n, -3*k + 2*n = 0. Let a be ((-68)/51)/(k/6). List the prime factors of f(a).
2
Suppose -6 - 21 = -h. Let b(y) = 6*y - 7. Let m be b(14). Let l = m - h. What are the prime factors of l?
2, 5
Let m = 14 + -24. Let d = -7 - m. What are the prime factors of (7/(-3))/(d/(-18))?
2, 7
Let s = 6 + 4. Suppose 5*i + 2*z - 25 = z, 2*z = -2*i + s. Suppose -3*q + 97 = 4*n - 0*n, 2*n + i*q = 59. What are the prime factors of n?
2, 11
Let u(w) = -w**3 + 5*w**2 - 4*w + 1. Let c be u(4). Let r(f) = -f**2 + 36*f**2 + 4 - 6 + 3*f - 2*f. List the prime factors of r(c).
2, 17
Suppose -41550 = -15*l + 13725. What are the prime factors of l?
5, 11, 67
Let x(t) = 108*t - 27. What are the prime factors of x(4)?
3, 5
Let n be 1/((-15)/(-7) - 2). Suppose 3*f = 2*u + n, 0*u - 7 = u - 5*f. List the prime factors of (-32)/u + 0/(-1).
2
Let w(s) = 392*s - 209. What are the prime factors of w(7)?
3, 5, 13
List the prime factors of (1 + -66)*((-552)/30 - 0).
2, 13, 23
Let i(q) = q**2 + 1. Let x be i(2). Suppose -x*o = -3*y + 137, o + 0*o = 5. List the prime factors of y.
2, 3
Suppose 72 = -3*q + 27. Let v = q - -55. List the prime factors of v.
2, 5
Let s = -30 + 33. Suppose -a = -r + s*a + 8, 4 = -r + a. List the prime factors of (-4 - 38/r)*4.
3
Let o be ((-9)/(-3) + -4)*-2. Suppose -w + 99 = o*w. Suppose -3*v - 4*i + w = -0*v, -2*i - 6 = 0. What are the prime factors of v?
3, 5
List the prime factors of 1520/(-266)*(2 - 156).
2, 5, 11
Let x(a) = 2*a**2 + 21*a + 39. List the prime factors of x(10).
449
Suppose -5*i + 0*i + 30 = 0. Let r be (3/i)/((-2)/8). List the prime factors of ((-50)/40)/(r/88).
5, 11
Suppose -4*z + 5 = 93. What are the prime factors of 4 + -4 - 3*z?
2, 3, 11
What are the prime factors of 5/(-3)*(-870)/25?
2, 29
Let f(c) = -c**2 + 9*c - 15. Let q be f(3). Suppose 0*a + 2*l = q*a - 547, -4*l - 354 = -2*a. What are the prime factors of a?
5, 37
Suppose 2*i = -38 + 698. List the prime factors of i.
2, 3, 5, 11
Suppose 0 = 11*q - 407 - 1562. List the prime factors of q.
179
Let v = -25 - 281. Let m = 454 + v. What are the prime factors of m?
2, 37
Let a(o) = 12*o + 7*o - 11*o + 5 + 3*o**2 - 2*o. Let y = -9 - -5. What are the prime factors of a(y)?
29
Suppose 3*d - 19 = 4*j, 0*j = -3*d + 2*j + 17. What are the prime factors of 57*(9 - d - 3)?
3, 19
Let p(o) = -978*o - 136. List the prime factors of p(-3).
2, 1399
Let m = -232 + 357. Suppose 2*p + 5*y = -0*p + m, -2*p + 121 = y. Let w = p - 37. What are the prime factors of w?
23
Suppose 0 = 2*v + 2*f - 100, -f = -4*v + 6*v - 99. Suppose -r = 5*t - 116, 2*t + 2*r + r - v = 0. What are the prime factors of t?
23
Let s be -1 + (-1 - 0) - 305. Let k = -214 - s. What are the prime factors of k?
3, 31
Suppose s - 27 = -4*x, 3*s + x + 20 - 79 = 0. Suppose s*h + 388 = 23*h. List the prime factors of h.
97
Let z = -10 - -16. Suppose 12*d - 750 = z*d. Suppose -2*y + d = 5*b, 3*b + 346 = 4*y + 83. What are the prime factors of y?
5, 13
Let o = -33 + 104. List the prime factors of o - 0 - 0/(-5).
71
Suppose -3*n + 0*n - 106 = -l, -n - 479 = -4*l. What are the prime factors of l?
11
List the prime factors of 2553/(-23)*(-49)/3.
7, 37
Let g(z) = z**2 + z - 2. Let q be g(1). Suppose q = -5*c + 351 + 504. What are the prime factors of c?
3, 19
Suppose 0 = 11*b - 15*b - 96. Let a = 26 + b. What are the prime factors of 39/a*24/18?
2, 13
Let j(m) = 11*m + 2. Let w be j(0). Let h(s) = s**3 - 6*s**2 + 2*s - 8. Let q be h(6). Suppose -w*z = q*z - 18. What are the prime factors of z?
3
Let q = 77 + -35. Suppose -2*k - q = -156. What are the prime factors of k?
3, 19
Let b(x) = x**3 + 2*x**2 + 2*x - 6. Let g(c) = -c**2 - c + 1. Let s(d) = -b(d) - 3*g(d). Suppose -3*v + 4 = -5*v. List the prime factors of s(v).
13
Let o(x) be the second derivative of x**5/20 - x**4/2 + x**3/6 + 5*x**2/2 - 6*x. Let b(u) = 6*u. Let v be b(1). What are the prime factors of o(v)?
11
Let v = -20 - -37. Let s be ((-14)/(-21))/(2/39). Let c = s + v. List the prime factors of c.
2, 3, 5
Let j(d) = 12*d**2 + 14*d - 57. What are the prime factors of j(-7)?
433
Suppose 0 = 4*u - l - 4223, u + 314 = 2*l + 1375. List the prime factors of u.
5, 211
Suppose 875 = 11*p - 4*p. Suppose 2*b = -3*b + p. List the prime factors of b.
5
Suppose -986*u = -1003*u + 26792. What are the prime factors of u?
2, 197
Let r(k) = 85*k**2 - 4*k + 6. What are the prime factors of r(-6)?
2, 3, 5, 103
Let o(g) = g**2 + 3*g + 2. Let p be o(-4). Suppose -p*q + q + 395 = 0. Let l = q - 44. List the prime factors of l.
5, 7
Suppose 8*w - 5 = 3*w. Let z = w + 2. Suppose -g + z*c + 18 = 0, -4*g + 3*g + 4*c = -17. List the prime factors of g.
3, 7
Let q be 682/2 + -1 + 5. Suppose 0*o + 5*o = q. What are the prime factors of o?
3, 23
Let t = 469 + 1214. List the prime factors of t.
3, 11, 17
Let u(l) = -l**2 + 8*l + 1. Let y be u(8). Let m be (y/(-1) - -16)/1. Suppose 4*s - m = -g - 0*s, -g = 5*s - 13. List the prime factors of g.
23
Let a(t) = 5*t**2 + 11*t + 10. Suppose -3 - 5 = 2*x. List the prime factors of a(x).
2, 23
What are the prime factors of (-4)/14 + 16*4008/224?
2, 11, 13
Suppose 0 = 2*w + 5 - 41. Let c be (-4 - 2)/(w/24). What are the prime factors of ((-44)/c)/(2/8)?
2, 11
Suppose 326 = -y - 4*w, 6*y - 5*w = 3*y - 995. Let d = -141 - y. List the prime factors of d.
3, 7
Let z(b) = b**3 - 4*b**2 + 5*b - 3. Let n be z(3). Let q(t) = 7*t**2 - 2*t. Let s be q(n). Suppose s = -3*c + 6*c. What are the prime factors of c?
19
Suppose -6*j + 12 = -6. What are the prime factors of 112 - (2 + 4 - j)?
109
Let y(c) = -2*c**3 - 13*c**2 + 12*c - 99. List the prime factors of y(-11).
2, 3, 11, 13
Suppose 0 = 9*q + 7*q - 27424. List the prime factors of q.
2, 857
Suppose -z + 11 = 3*a, -6*z + z - 40 = -4*a. Suppose -165 = -a*f - 0*f. What are the prime factors of f?
3, 11
Suppose -5 = 6*b - b. Let o(w) = 41*w**2 - w - 1. Let t be o(b). Suppose 0 = -c - 4 - 1, -2*n + 3*c = -t. List the prime factors of n.
13
Suppose 5*n = -3*c + 414, 15 - 175 = -2*n - 4*c. List the prime factors of n.
2, 3, 7
Suppose 4*p + 3*m - 847 = 0, 0 = -4*p + 4*m + 466 + 346. List the prime factors of (6/8)/(2/p).
2, 3, 13
Suppose 0 = 4*i - 3156 - 2312. What are the prime factors of i?
1367
Let j(k) be the second derivative of -k**5/20 + k**4/12 - k**3 + 52*k**2 + 37*k. What are the prime factors of j(0)?